visor of 296 and 9447099.
37
Calculate the greatest common divisor of 8555476 and 19648.
1228
Calculate the highest common factor of 39739328 and 353.
353
What is the highest common factor of 39480 and 7288995?
4935
Calculate the greatest common factor of 72883612 and 7167.
2389
What is the greatest common divisor of 62390 and 992735?
1835
Calculate the greatest common divisor of 45 and 18941705.
5
Calculate the greatest common divisor of 13509 and 3795003.
171
Calculate the highest common factor of 4719 and 568623.
33
What is the greatest common divisor of 72706737 and 5138?
367
What is the highest common divisor of 13655501 and 923?
71
What is the highest common factor of 1260 and 48197765?
35
Calculate the highest common factor of 25 and 23390775.
25
What is the greatest common factor of 2933 and 13797?
7
Calculate the greatest common divisor of 126525834 and 4869.
4869
What is the highest common factor of 205455 and 2430?
15
Calculate the highest common factor of 17677872 and 15176.
2168
Calculate the greatest common divisor of 1585336 and 8003.
53
What is the greatest common divisor of 63667449 and 2151?
2151
Calculate the greatest common factor of 249992079 and 6.
3
Calculate the greatest common factor of 27073845 and 20655.
1215
What is the highest common factor of 27792 and 11590808?
1544
What is the highest common factor of 1698316 and 2948?
268
Calculate the greatest common factor of 13976 and 3609302.
3494
What is the highest common divisor of 2634699 and 90729?
1779
What is the greatest common factor of 351 and 54730845?
117
Calculate the highest common divisor of 6616 and 31682370.
1654
What is the highest common factor of 2316512 and 4752?
176
Calculate the greatest common factor of 634 and 115436184.
634
What is the greatest common divisor of 294 and 113337?
147
Calculate the highest common divisor of 7482744 and 515.
103
Calculate the greatest common factor of 64828292 and 148.
148
Calculate the highest common divisor of 940 and 73305665.
235
What is the greatest common factor of 578478686 and 34?
34
Calculate the highest common factor of 28100 and 83400.
100
Calculate the highest common divisor of 107915 and 49720.
565
Calculate the greatest common factor of 10229 and 18257221.
193
Calculate the greatest common factor of 728432 and 3566688.
848
Calculate the greatest common factor of 40563 and 58959.
9
Calculate the greatest common divisor of 91509 and 391557.
141
What is the greatest common divisor of 1869852 and 3732?
12
What is the highest common divisor of 991360 and 76?
4
Calculate the highest common divisor of 41523 and 8853.
3
What is the greatest common factor of 50452 and 1008?
4
Calculate the highest common divisor of 292704 and 756336.
48
What is the greatest common factor of 1938087135 and 27?
27
Calculate the greatest common divisor of 213150 and 7416199.
1421
What is the greatest common divisor of 1418 and 216743427?
709
What is the greatest common factor of 50893992 and 106?
106
Calculate the highest common divisor of 132220480 and 448.
448
What is the greatest common factor of 8987870 and 230?
10
What is the highest common divisor of 845804 and 608?
76
What is the greatest common factor of 99981 and 83538?
189
Calculate the highest common factor of 5697916 and 56.
28
Calculate the greatest common factor of 1345 and 4759955.
1345
What is the greatest common factor of 12435681 and 42594?
93
What is the greatest common divisor of 78978780 and 12?
12
What is the greatest common divisor of 9191 and 33992257?
1313
What is the greatest common divisor of 11169585 and 34692?
1239
What is the highest common divisor of 1647 and 1546289?
61
What is the highest common divisor of 154271722 and 1628?
814
What is the highest common divisor of 3734 and 82282424?
3734
What is the greatest common factor of 183 and 80493831?
183
What is the highest common factor of 6154953 and 4347?
21
What is the greatest common divisor of 9229410 and 34560?
270
Calculate the greatest common factor of 968 and 18953528.
88
Calculate the greatest common divisor of 807 and 814550023.
269
What is the greatest common factor of 567529254 and 9?
9
Calculate the highest common factor of 92441289 and 57.
57
What is the greatest common divisor of 1070100 and 211068?
1476
What is the highest common divisor of 10820 and 240581618?
1082
Calculate the greatest common divisor of 253699 and 244.
61
Calculate the highest common divisor of 2376 and 6829644.
12
What is the highest common divisor of 5046084 and 3204?
36
Calculate the greatest common factor of 31777712 and 2656.
1328
Calculate the highest common divisor of 471020 and 1276.
44
Calculate the greatest common factor of 170 and 11459870.
170
What is the greatest common divisor of 537162910 and 10?
10
What is the greatest common factor of 9985926 and 2616?
654
What is the greatest common factor of 204 and 236736?
12
Calculate the highest common factor of 1956 and 119772.
12
What is the highest common factor of 1290340 and 2165?
2165
Calculate the greatest common factor of 122698 and 15066.
62
What is the highest common factor of 37100426 and 88?
22
Calculate the highest common divisor of 12801 and 4022526.
753
Calculate the highest common factor of 23692578 and 21.
21
What is the greatest common factor of 281340 and 3645?
135
What is the greatest common divisor of 1317322 and 1194694?
1858
Calculate the highest common divisor of 149160 and 6216.
24
What is the highest common factor of 1099539 and 434?
217
Calculate the highest common divisor of 81095 and 219408315.
11585
What is the highest common factor of 568 and 117338576?
568
Calculate the highest common factor of 9 and 69230178.
9
What is the greatest common factor of 1984 and 74408?
8
What is the highest common factor of 145458467 and 32571?
3619
Calculate the greatest common factor of 8445 and 172071942.
1689
Calculate the greatest common divisor of 57785 and 947665745.
8255
Calculate the highest common factor of 1375549 and 653864.
1739
What is the highest common divisor of 683316 and 140748?
444
Calculate the greatest common divisor of 82331640 and 90.
90
Calculate the greatest common factor of 1940604 and 24.
12
What is the highest common divisor of 119045 and 3973?
29
What is the greatest common factor of 836 and 945668?
76
Calculate the greatest common divisor of 33869 and 52601636.
3079
Calculate the highest common factor of 207897878 and 211.
211
What is the highest common divisor of 1690500 and 6510?
210
What is the highest common divisor of 140 and 2973145?
35
Calculate the highest common factor of 34431876 and 1917.
639
Calculate the highest common factor of 303605 and 20500.
205
What is the greatest common divisor of 2714 and 11969292?
46
Calculate the highest common divisor of 44634 and 16.
2
Calculate the greatest common divisor of 63920 and 33520.
80
What is the greatest common divisor of 1759544 and 128?
8
What is the greatest common divisor of 2684784 and 48?
48
Calculate the greatest common divisor of 10011503 and 50020.
2501
What is the highest common divisor of 13790908 and 186?
62
Calculate the highest common factor of 75 and 13981975.
25
What is the greatest common divisor of 25253269 and 79837?
2753
Calculate the highest common divisor of 4534 and 23447581.
2267
Calculate the greatest common factor of 1392 and 38585370.
174
Calculate the greatest common divisor of 43831336 and 944.
472
What is the greatest common divisor of 122229 and 38050944?
1509
Calculate the greatest common divisor of 534570 and 1351566.
618
Calculate the highest common factor of 333 and 86664591.
9
Calculate the greatest common factor of 3552205 and 3.
1
Calculate the highest common divisor of 1205778 and 380646.
798
What is the greatest common factor of 36 and 1500?
12
Calculate the highest common factor of 4372524 and 36.
36
Calculate the greatest common factor of 35382292 and 43.
43
What is the greatest common factor of 338994 and 105894?
666
What is the highest common factor of 4576 and 46320032?
352
What is the greatest common divisor of 84252 and 2637516?
1428
What is the greatest common divisor of 975710 and 15280?
10
What is the greatest common divisor of 3242495 and 1480?
185
Calculate the greatest common factor of 2506335 and 18555.
15
Calc